11 divide 2937?
True
Is 4 a factor of 484?
True
Is 14 a factor of 210?
True
Is 29 a factor of 11658?
True
Does 20 divide 1173?
False
Is 1452 a multiple of 12?
True
Is 720 a multiple of 16?
True
Does 64 divide 8896?
True
Is 41508 a multiple of 39?
False
Is 9 a factor of 846?
True
Is 12 a factor of 1182?
False
Is 14 a factor of 938?
True
Does 118 divide 6018?
True
Is 2617 a multiple of 14?
False
Does 8 divide 135?
False
Does 27 divide 5913?
True
Is 12 a factor of 541?
False
Is 25 a factor of 219?
False
Is 63767 a multiple of 98?
False
Is 608 a multiple of 16?
True
Is 3 a factor of 6448?
False
Is 34 a factor of 578?
True
Is 8692 a multiple of 41?
True
Does 13 divide 88?
False
Is 69564 a multiple of 17?
True
Is 3 a factor of 4676?
False
Is 6364 a multiple of 7?
False
Is 21 a factor of 126?
True
Is 3693 a multiple of 149?
False
Does 62 divide 2728?
True
Is 65 a multiple of 25?
False
Is 11 a factor of 8903?
False
Does 16 divide 2030?
False
Is 272 a multiple of 11?
False
Is 15612 a multiple of 12?
True
Is 567 a multiple of 7?
True
Is 296 a factor of 17760?
True
Does 10 divide 3281?
False
Is 7000 a multiple of 9?
False
Is 6200 a multiple of 62?
True
Is 21 a factor of 651?
True
Is 9966 a multiple of 11?
True
Is 36059 a multiple of 10?
False
Is 47 a factor of 21479?
True
Is 11 a factor of 1111?
True
Does 48 divide 26112?
True
Is 736 a multiple of 23?
True
Is 13 a factor of 1924?
True
Does 30 divide 14854?
False
Is 23 a factor of 8275?
False
Is 19 a factor of 1710?
True
Is 4 a factor of 10283?
False
Is 950 a multiple of 11?
False
Is 31 a factor of 168423?
True
Does 9 divide 504?
True
Is 69632 a multiple of 8?
True
Is 15022 a multiple of 12?
False
Is 1632 a multiple of 19?
False
Is 114 a factor of 3807?
False
Is 23 a factor of 4547?
False
Is 2324 a multiple of 166?
True
Does 19 divide 2463?
False
Is 13 a multiple of 9?
False
Is 4 a factor of 208?
True
Is 12069 a multiple of 2?
False
Is 2009 a multiple of 34?
False
Does 15 divide 975?
True
Is 170 a factor of 24586?
False
Is 14 a factor of 985?
False
Is 8 a factor of 376?
True
Does 9 divide 271?
False
Is 72 a factor of 882?
False
Does 24 divide 984?
True
Does 10 divide 4030?
True
Is 47 a factor of 43381?
True
Does 70 divide 23520?
True
Is 300 a multiple of 10?
True
Is 32379 a multiple of 129?
True
Is 53 a multiple of 16?
False
Is 7 a factor of 376?
False
Is 16 a factor of 1024?
True
Is 10 a factor of 190?
True
Does 58 divide 290?
True
Is 42294 a multiple of 24?
False
Does 14 divide 18?
False
Does 78 divide 64818?
True
Is 15 a factor of 19245?
True
Is 952 a multiple of 5?
False
Is 19 a factor of 470?
False
Is 48 a factor of 1104?
True
Is 4389 a multiple of 33?
True
Is 13915 a multiple of 115?
True
Is 9 a factor of 828?
True
Does 42 divide 15556?
False
Is 18 a factor of 2016?
True
Is 41 a factor of 513?
False
Does 31 divide 332?
False
Does 20 divide 1397?
False
Is 14414 a multiple of 51?
False
Does 40 divide 104160?
True
Does 42 divide 9534?
True
Is 29700 a multiple of 110?
True
Is 8 a factor of 1256?
True
Is 660 a multiple of 19?
False
Does 10 divide 1364?
False
Is 7 a factor of 331?
False
Is 5404 a multiple of 28?
True
Does 18 divide 2394?
True
Does 9 divide 1620?
True
Does 244 divide 10492?
True
Is 4 a factor of 82?
False
Is 7 a factor of 69511?
False
Is 40 a multiple of 5?
True
Is 1091 a multiple of 3?
False
Does 16 divide 704?
True
Is 369 a multiple of 41?
True
Is 12 a factor of 71508?
True
Is 7808 a multiple of 122?
True
Is 40 a multiple of 13?
False
Is 671 a multiple of 9?
False
Does 3 divide 411?
True
Is 46 a factor of 8786?
True
Does 8 divide 3928?
True
Is 12 a factor of 902?
False
Is 20 a factor of 7340?
True
Does 11 divide 21302?
False
Is 7518 a multiple of 17?
False
Is 9 a factor of 245?
False
Does 2 divide 9276?
True
Does 22 divide 1129?
False
Is 50 a factor of 30180?
False
Is 203 a factor of 90401?
False
Does 49 divide 9114?
True
Is 946 a multiple of 21?
False
Is 68 a factor of 11670?
False
Is 1910 a multiple of 45?
False
Is 1083 a multiple of 13?
False
Is 3 a factor of 24?
True
Does 10 divide 20015?
False
Is 2457 a multiple of 9?
True
Is 232 a multiple of 42?
False
Is 456 even?
True
Does 16 divide 75184?
True
Does 19 divide 18259?
True
Is 1325 a multiple of 60?
False
Does 6 divide 144?
True
Does 8 divide 10792?
True
Does 42 divide 3243?
False
Is 52 a factor of 63592?
False
Is 33 a factor of 75?
False
Does 14 divide 1549?
False
Does 4 divide 32?
True
Is 83 a factor of 72153?
False
Does 22 divide 1403?
False
Does 55 divide 16280?
True
Does 3 divide 4458?
True
Does 3 divide 49?
False
Is 26973 a multiple of 246?
False
Does 9 divide 101?
False
Is 15 a factor of 191?
False
Is 30972 a multiple of 116?
True
Does 8 divide 20?
False
Is 102 a factor of 6844?
False
Is 14 a factor of 230?
False
Is 62740 a multiple of 105?
False
Is 334 a multiple of 5?
False
Is 965 a multiple of 54?
False
Does 87 divide 81017?
False
Is 4 a factor of 30?
False
Is 59 a factor of 13629?
True
Is 68 a factor of 24276?
True
Is 82 a factor of 12135?
False
Is 64 a factor of 9216?
True
Is 3354 a multiple of 26?
True
Is 14880 a multiple of 16?
True
Is 2534 a multiple of 7?
True
Does 52 divide 17873?
False
Does 12 divide 45?
False
Does 58 divide 2867?
False
Is 17 a factor of 1200?
False
Is 11 a factor of 528?
True
Is 12 a factor of 15024?
True
Is 52 a factor of 52?
True
Does 56 divide 4816?
True
Is 38775 a multiple of 11?
True
Is 9778 a multiple of 23?
False
Does 4 divide 2308?
True
Is 1999 a multiple of 29?
False
Is 468 a multiple of 22?
False
Is 3078 a multiple of 27?
True
Does 18 divide 9863?
False
Does 28 divide 8960?
True
Does 10 divide 310?
True
Is 13 a factor of 110510?
False
Is 73 a factor of 146?
True
Is 15 a factor of 90?
True
Is 5704 a multiple of 6?
False
Does 6 divide 2664?
True
Is 49 a factor of 51092?
False
Does 29 divide 5768?
False
Is 792 a multiple of 12?
True
Is 26 a factor of 3187?
False
Is 587 a multiple of 22?
False
Is 16 a factor of 16?
True
Is 91560 a multiple of 109?
True
Is 5080 a multiple of 19?
False
Is 12 a factor of 1476?
True
Is 67 a multiple of 7?
False
Does 32 divide 5440?
True
Is 14176 a multiple of 16?
True
Is 102 a factor of 29602?
False
Is 694 a multiple of 7?
False
Does 37 divide 3885?
True
Is 2548 a multiple of 2?
True
Is 31 a factor of 3511?
False
Does 13 divide 4563?
True
Does 17 divide 986?
True
Is 7 a factor of 21?
True
Is 845 a multiple of 7?
False
Is 7 a factor of 1304?
False
Is 58 a factor of 9310?
False
Is 2860 a multiple of 28?
False
Is 2717 a multiple of 11?
True
Is 40 a factor of 14600?
True
Is 8 a factor of 4228?
False
Does 6 divide 8585?
False
Is 456 a multiple of 12?
True
Is 6975 a multiple of 45?
True
Is 13 a factor of 83727?
False
Does 8 divide 563?
False
Is 28 a factor of 12075?
False
Is 8261 a multiple of 126?
False
Does 61 divide 2806?
True
Is 53 a factor of 3986?
False
Does 84 divide 2604?
True
Does 25 divide 511?
False
Does 96 divide 4987?
False
Does 9 divide 38664?
True
Is 12 a factor of 10100?
False
Is 800 a multiple of 16?
True
Is 27480 a multiple of 11?
False
Does 21 divide 32109?
True
Is 1924 a multiple of 6?
False
Does 17 divide 3791?
True
Is 110 a factor of 457?
False
Does 3 divide 116?
False
Is 1517 a multiple of 37?
True
Does 4 divide 282?
False
Is 67 a factor of 29681?
True
Does 56 divide 8203?
False
Is 1521 a multiple of 9?
True
Does 47 divide 327?
False
Does 7 divide 12466?
False
Is 20540 a multiple of 5?
True
Does 308 divide 30769?
False
Does 19 divide 53124?
True
Is 218 a multiple of 7?
False
Is 100 a factor of 11700?
True
Is 117 a factor of 1013?
False
Is 15678 a multiple of 26?
True
Is 3150 a multiple of 10?
True
Does 19 divide 10836?
False
Is 96 a factor of 42048?
True
Is 10 a factor of 426?
False
Is 29033 a multiple of 45?
False
Is 23408 a multiple of 16?
True
Is 47 a factor of 2820?
True
Does 55 divide 220?
True
Is 16 a factor of 1209?
False
Is 32 a factor of 18362?
False
Is 12 a factor of 7320?
True
Is 78 a multiple of 13?
True
Is 9 a factor of 2043?
True
Is 64639 a multiple of 118?
False
Does 37 divide 65231?
True
Is 1887 a multiple of 2?
False
Is 495 a multiple of 10?
False
Is 41154 a multiple of 32?
False
Does 114 divide 8664?
True
Is 72 a multiple of 72?
True
Is 3699 a multiple of 137?
True
Does 36 divide 6488?
False
Does 105 divide 13965?
True
Doe